Let h(r) = -3*r + 1. Let b be h(-6). Suppose 3*x - x = -5*d + 20, b = 5*x - 3*d. Suppose -28 = -3*a + 2*p, -2*a - x*p - 3 + 28 = 0. What is the tens digit of a?
1
Let b be (-3*12/(-8) + -2)*2. Suppose 360 = b*u - 4*o + 9*o, -2*u + 159 = -o. What is the tens digit of u?
7
Let u(y) = 7*y**2 + 14*y - 42. What is the units digit of u(5)?
3
Let o be (0 - 2)*53*(3 - 4). Let v = 223 - o. What is the hundreds digit of v?
1
Let d(v) = 2*v**3 - 28*v**2 + 35*v + 15. What is the units digit of d(13)?
2
Suppose -3*q + 125 = -343. What is the hundreds digit of q*3*3/9?
1
Suppose 3 = -7*l + 4*l. Let k be l - (1 + 0) - -6. Suppose -5*w - 3*r + 124 = 0, 2*r - k*r + 126 = 5*w. What is the tens digit of w?
2
Suppose -2469 = -26*f + 1613. What is the hundreds digit of f?
1
Let x = 93 + -93. Suppose 5*c - 1125 = -5*u - x*u, -u = 4*c - 909. What is the tens digit of c?
2
Let i = -1256 + 1906. What is the units digit of i?
0
Let l = 28 - -13. Let y = 133 - 75. Suppose 3*r - l = y. What is the units digit of r?
3
Suppose -g = -2*g - 4. Let o = 5 - g. What is the units digit of o?
9
What is the hundreds digit of 12588/27 + (-14)/63?
4
Suppose q = -q + 10*q. Suppose q = a - 23 - 4. What is the units digit of a?
7
Suppose 201 - 129 = -8*r. Let q(w) be the second derivative of -w**3/6 + 11*w**2/2 - w. What is the units digit of q(r)?
0
Suppose -156*h = -159*h + 774. What is the tens digit of h?
5
Suppose 4*s - 9 = -c, 83 = 5*c - 4*s + 14. What is the units digit of ((-42)/8*c)/(12/(-32))?
2
Let v = -8 - -9. Suppose -2*o - v = -2*j + 3, 2*j = -3*o + 4. Suppose -4*n + 36 + 248 = o. What is the tens digit of n?
7
Suppose 3*y - 4*h + 8*h = 0, h - 5 = -2*y. Let i be ((-6)/2)/(3/(-10)). Let s = y + i. What is the units digit of s?
4
Let u(d) = -10*d**2 - 14*d. Let g(a) = a**2 + a. Let s(j) = -18*g(j) - 2*u(j). Let m be s(-8). Suppose -2*x - 2*x = -m. What is the tens digit of x?
1
Let w(p) = -36*p + 276. What is the tens digit of w(-30)?
5
Let l = 1380 + -686. What is the hundreds digit of l?
6
What is the units digit of 3 + -5 - 4/(-8)*1198?
7
Suppose 5 = 5*f, 5*y - 10 = 3*f - 3. Suppose -3*d + 2*g = -412, 426 = y*d - g + 151. What is the units digit of d?
8
Let u(m) = 6 - 8*m + 0*m**2 + 14*m + 2*m**2. What is the tens digit of u(-6)?
4
Suppose 0 = 3*q + 15, 4*u = 3*u + 4*q + 20. Let t = u + 2. Suppose 0 = -t*d - 0*d + 98. What is the tens digit of d?
4
Let n(p) = -8 + 5*p**2 + p**3 + 3*p - 11*p - p. What is the tens digit of n(-6)?
1
Suppose 4*n + 2*f - 174 = 0, 3*f - 3 = 6. Suppose 0 = 14*p - 8*p - n. What is the units digit of p?
7
Suppose -7*n - 5*n + 6*n = 0. Suppose 4*v + 5*f - 648 = 0, 3*v - 5*f = -n*f + 521. What is the units digit of v?
7
Suppose -1429*r = -1421*r - 1816. What is the units digit of r?
7
Suppose -88*f = -93*f + p + 6317, -5*f = 3*p - 6329. What is the thousands digit of f?
1
Let t be 2/8 - (-60)/16. Let r = 46 + -42. Suppose -t*v - r*f = -36, -2*v + 4*v + f = 16. What is the units digit of v?
7
Suppose -3*x = -2*h + 377, 5*h - 268 = 2*x + 691. What is the tens digit of h?
9
Let c = 2361 - 897. What is the tens digit of c?
6
Suppose -13*q + 20 = -9*q. Suppose q*x = 5*z - 250, 96 = 3*z + x - 46. Suppose -7*c + z = -3*c. What is the units digit of c?
2
Suppose -2*w - 2*x = 0, -5*w + 8*w - 3*x = 24. Let j(z) = 12 + z**2 + z + w*z - z. What is the tens digit of j(-6)?
2
Let j be (-2 - -2) + 3/1. Let i(x) = -4*x. Let t be i(-1). Suppose -5*u + 2*q = -45, t*u - j*q = -u + 40. What is the units digit of u?
1
What is the units digit of ((-1158)/(-18))/((-4)/(-48))?
2
Let l(f) = -f**3 - 16*f**2 - 26*f + 32. What is the units digit of l(-14)?
4
Let s(m) = -2*m + m**3 - 2*m + 0*m. Let f = -19 - -22. What is the units digit of s(f)?
5
Let m(f) = -5 - f**3 + 9*f**2 + 5*f + 4 - 8 - 11*f. What is the units digit of m(8)?
7
Let w be (-1595)/(-116)*(2/2 + 3). Let y = -21 - -14. What is the units digit of (0 - y)*w/77?
5
Suppose p = -y + 661, 0 = -3*p + p + 2. Suppose 25*r = 31*r - y. What is the units digit of r?
0
Let r be 1/((-3)/2)*180/5. What is the units digit of -101*6/r - (-2)/(-8)?
5
Suppose -691 - 1214 = -3*c. What is the tens digit of c?
3
Let o = 15 - 22. Let v = o + 199. Suppose -36 = 6*a - v. What is the units digit of a?
6
Suppose -5*q = -3*f + 57, 0 = 4*f - 3*q - 82 - 5. Suppose -3*s = 4*u - 22, -5*u + 4*u + 3*s - 2 = 0. Suppose -196 = -u*h - f. What is the units digit of h?
3
Suppose -3*v - 12*a + 14*a = -2443, -2*v + 1618 = 4*a. What is the tens digit of v?
1
Suppose 3 = 3*i - 3*w, 5*w = -i + 2*i + 11. Suppose 141 + 35 = i*o. What is the tens digit of o?
4
Suppose -4*v + 0*v = -20. Let y(m) = 8*m - 3*m + 7*m - v. What is the tens digit of y(4)?
4
Let d = -809 - -1905. What is the hundreds digit of d?
0
Suppose -2*y - 2*s = 2 - 10, 3*s + 3 = 0. Suppose -y*z + 325 = 8*z. What is the tens digit of z?
2
Let d(o) = 8*o + 142. What is the hundreds digit of d(47)?
5
Let s = -4 + 9. Suppose -3*v = -4 - s. What is the tens digit of -2*7*(-4 + v)?
1
Suppose -l - 6695 = -2*r, -2*l + 16724 = -9*r + 14*r. What is the thousands digit of r?
3
Let n(y) = 2*y**2 + 8*y - 10. Let s be n(9). What is the units digit of s/(-140)*(2 - (10 + 2))?
6
Let y be ((-20)/(-25))/(2/20). Let h be 3*7/(28/y). What is the units digit of (-1*h)/((-1)/2)?
2
Suppose 3*x = 5*o - o - 5429, 2*o - 5*x - 2697 = 0. What is the hundreds digit of o?
3
Let b = 14 + -37. Let p = -2 - b. Suppose 5*u + 3*l = 37, -u + 3*l - p = -4*u. What is the units digit of u?
8
Let x = -7 + 5. What is the hundreds digit of 1*(x*(3 + -4) + 166)?
1
Let i = 75 - 115. Let a = -17 - i. Suppose -5*u = 15, 5*y = 5*u + a + 122. What is the tens digit of y?
2
Suppose -4*a + 5*s = -2033 - 1598, a = s + 909. What is the hundreds digit of a?
9
Let b(u) = -5*u + 32. Suppose -x - 39 = 3*f, -4*x - 77 = 5*f - 5. What is the units digit of b(f)?
2
Let z = 82 + -80. What is the hundreds digit of 137/2*z - -5?
1
Let a be (20 - 22) + 35 + 0. Let v = 55 - a. What is the tens digit of v?
2
Suppose -3*t - 75 = -3*o - 0*t, 0 = 2*o - 3*t - 53. Let x = 27 - o. Suppose -4*u = -2*s - 198, 0*u = u + x*s - 33. What is the tens digit of u?
4
Suppose -494 = -2*a - h, 0 = 3*a - 79*h + 84*h - 734. What is the units digit of a?
8
Suppose 26 = -4*v + 2*f + 3*f, v + f = -11. Let s(i) = i**2 - 2*i - 4. Let q be s(v). Suppose 4*b + b = q. What is the units digit of b?
9
Let q(n) be the first derivative of 3/2*n**2 - 8 + 24*n. What is the tens digit of q(11)?
5
Let m(j) be the second derivative of j**4/6 - 17*j**3/6 - 10*j**2 + 8*j + 2. What is the tens digit of m(15)?
7
Let v(g) be the second derivative of -g**4/12 - 2*g**3 + 4*g**2 + 17*g. What is the units digit of v(-8)?
0
Suppose -5*x = -4*a + 405, 0 = 9*x - 13*x - 20. What is the units digit of a?
5
What is the thousands digit of (-65)/260 + 3/(-12)*-18289?
4
Let p(t) = -7*t. Let j be p(1). Let o = j + 0. Let k = 3 - o. What is the tens digit of k?
1
What is the units digit of ((-786)/9)/(24/(-36))?
1
Suppose 5*i - 12693 = -3*v, -450 = -3*i + 5*v + 7193. What is the units digit of i?
1
Suppose 61*d - 208 = 59*d + 4*a, -5*d = -3*a - 499. What is the units digit of d?
8
Let k(q) = 17*q + 380. What is the hundreds digit of k(-6)?
2
Let r(z) = -z**3 - 4*z**2 - 5*z - 3. Let y be r(-3). Let g = y - 0. Suppose 7*d - g*d = -4*c + 192, d = 3*c + 60. What is the tens digit of d?
5
Let o be ((-27)/(-18))/((-1)/(-162)). Suppose -o = -5*h + 87. Suppose j + 2*p + 1 = 19, 4*j + 2*p = h. What is the tens digit of j?
1
Let g(o) = -o**3 + o**2 + 2. Let k be g(2). Let q(a) = -7*a**3 - 21*a - 3 - 28*a + 48*a + 3*a**2. What is the units digit of q(k)?
7
Let s be -2 - (-236)/8*2. Let m = s + -15. Suppose -1 + m = n. What is the units digit of n?
1
Let g = 644 - 103. Suppose 3*p + a - 2*a - 397 = 0, 4*p = -a + g. What is the tens digit of p?
3
Suppose 10*j + 12710 = 41*j. What is the hundreds digit of j?
4
Let h(v) = -7*v**2 + 10*v - 6. Let f(k) = -15*k**2 + 21*k - 11. Let d(x) = 6*f(x) - 13*h(x). What is the tens digit of d(5)?
1
Let s(h) = -h + 3 - 11*h**3 + 3 + 2*h - 2. What is the units digit of s(-2)?
0
Let z(t) = 11*t - 65. Let h be z(14). Suppose 5*s - 66 = h. What is the tens digit of s?
3
Let v = 58 - 94. Let c = 5 - v. Let q = 57 - c. What is the tens digit of q?
1
Suppose -2*v - 2107 = -6*v + c, -5*v - c 